{"id":108,"date":"2019-11-14T21:53:48","date_gmt":"2019-11-14T21:53:48","guid":{"rendered":"http:\/\/metzgerei-pfaeffli.ch\/WordPress\/?page_id=108"},"modified":"2024-01-27T14:54:08","modified_gmt":"2024-01-27T14:54:08","slug":"team","status":"publish","type":"page","link":"https:\/\/metzgerei-pfaeffli.ch\/WordPress\/?page_id=108","title":{"rendered":"Team"},"content":{"rendered":"\n<p class=\"has-medium-font-size\"><strong>Andreas Pf\u00e4ffli<\/strong><\/p>\n\n\n\n<p class=\"has-medium-font-size\">Gesch\u00e4ftsinhaber und gelernter Metzger mit langj\u00e4hriger Erfahrung in diversen Betrieben. Andreas k\u00fcmmert sich um die Produktion und ber\u00e4t Sie auch gerne an der Theke.<\/p>\n\n\n\n<p class=\"has-medium-font-size\"><\/p>\n\n\n\n<p class=\"has-medium-font-size\"><strong>Caroline Pf\u00e4ffli<\/strong><\/p>\n\n\n\n<p class=\"has-medium-font-size\">Gesch\u00e4ftsinhaberin und gelernte K\u00f6chin mit Erfahrung im Fleisch- &#038; Charcuterieverkauf. Caroline ist die Partyservice-Queen und f\u00fchrt den Laden.<\/p>\n\n\n\n<p class=\"has-medium-font-size\"><\/p>\n\n\n\n<p class=\"has-medium-font-size\"><strong>Eric &#038; Aline Pf\u00e4ffli<\/strong><\/p>\n\n\n\n<p class=\"has-medium-font-size\">Unsere Kinder (Jahrgang 2004 \/ 2006) werden sicherlich auch \u00f6fters in der Metzgerei anzutreffen sein.<\/p>\n\n\n\n<p class=\"has-medium-font-size\"><\/p>\n\n\n\n<p class=\"has-medium-font-size\"><strong>Marion Freiburghaus<\/strong><\/p>\n\n\n\n<p class=\"has-medium-font-size\">Seit April 2015 unterst\u00fctzt uns Marion in unserem Verkaufsteam. <\/p>\n\n\n\n<p class=\"has-medium-font-size\"><\/p>\n\n\n\n<p class=\"has-medium-font-size\"><strong>Helen Tschabold<\/strong><\/p>\n\n\n\n<p class=\"has-medium-font-size\">Im November 2022 ist Helen als Mitarbeiterin im Verkauf zu uns gestossen.<\/p>\n","protected":false},"excerpt":{"rendered":"<p>Andreas Pf\u00e4ffli Gesch\u00e4ftsinhaber und gelernter Metzger mit langj\u00e4hriger Erfahrung in diversen Betrieben. Andreas k\u00fcmmert sich um die Produktion und ber\u00e4t Sie auch gerne an der Theke. Caroline Pf\u00e4ffli Gesch\u00e4ftsinhaberin und gelernte K\u00f6chin mit Erfahrung im Fleisch- &#038; Charcuterieverkauf. Caroline ist die Partyservice-Queen und f\u00fchrt den&nbsp;<a class=\"read-more\" href=\"https:\/\/metzgerei-pfaeffli.ch\/WordPress\/?page_id=108\">&hellip;<\/a><\/p>\n","protected":false},"author":1,"featured_media":0,"parent":0,"menu_order":0,"comment_status":"closed","ping_status":"closed","template":"","meta":{"footnotes":""},"class_list":["post-108","page","type-page","status-publish","hentry"],"_links":{"self":[{"href":"https:\/\/metzgerei-pfaeffli.ch\/WordPress\/index.php?rest_route=\/wp\/v2\/pages\/108","targetHints":{"allow":["GET"]}}],"collection":[{"href":"https:\/\/metzgerei-pfaeffli.ch\/WordPress\/index.php?rest_route=\/wp\/v2\/pages"}],"about":[{"href":"https:\/\/metzgerei-pfaeffli.ch\/WordPress\/index.php?rest_route=\/wp\/v2\/types\/page"}],"author":[{"embeddable":true,"href":"https:\/\/metzgerei-pfaeffli.ch\/WordPress\/index.php?rest_route=\/wp\/v2\/users\/1"}],"replies":[{"embeddable":true,"href":"https:\/\/metzgerei-pfaeffli.ch\/WordPress\/index.php?rest_route=%2Fwp%2Fv2%2Fcomments&post=108"}],"version-history":[{"count":10,"href":"https:\/\/metzgerei-pfaeffli.ch\/WordPress\/index.php?rest_route=\/wp\/v2\/pages\/108\/revisions"}],"predecessor-version":[{"id":589,"href":"https:\/\/metzgerei-pfaeffli.ch\/WordPress\/index.php?rest_route=\/wp\/v2\/pages\/108\/revisions\/589"}],"wp:attachment":[{"href":"https:\/\/metzgerei-pfaeffli.ch\/WordPress\/index.php?rest_route=%2Fwp%2Fv2%2Fmedia&parent=108"}],"curies":[{"name":"wp","href":"https:\/\/api.w.org\/{rel}","templated":true}]}}